42 - 45617 = -17*g + 55498. Is g composite?
False
Let v = 57641 - -101268. Is v composite?
False
Let j be (-10)/(-65) - 433390/(-26). Suppose 23*x - 24*x + j = 0. Is x composite?
True
Suppose 2*o + 26 - 2 = 0. Is (33/4 + -3)*(-2032)/o prime?
False
Suppose 0 = v - 11 - 7. Suppose v*a = 17*a + 4. Suppose -2*n + k = -4751 - 1449, -3*k - 12398 = -a*n. Is n composite?
True
Suppose -19 = -4*z - k, 0*k + 6 = 2*z + 4*k. Suppose m + 12 = z*n, -m = -2*m - n. Is 738 + 0 + 3 + m a prime number?
True
Suppose -i + 2 = n - 0*n, -n = -i + 2. Is 591451/152 + i/32*-2 a prime number?
False
Suppose -6*z - 28 = -2*z. Let t be (-1 - 0)/(z/(-3731)). Let f = -162 - t. Is f prime?
False
Let i(l) = 7*l**2 - 50*l + 39. Let v be i(6). Let f(w) be the first derivative of -w**4/4 + 8*w**3/3 - 4*w**2 + 10*w - 1. Is f(v) prime?
True
Let z = 670216 - 462207. Is z a prime number?
True
Is 917/262*77806/7 a prime number?
True
Let z = -127695 - -197746. Is z prime?
True
Let j be ((-6)/(-4))/((-2)/4) + 479. Suppose 0 = -14*h + 1792 - j. Is h prime?
False
Suppose 0 = 30*b - 3663030 - 3655080. Is b a prime number?
False
Suppose 0 = 2*k - 44 + 42. Is 1/(12/4)*8499*k composite?
False
Let h be -1 + -694 + (-14)/(-7). Let i = 850 - h. Is i a prime number?
True
Let s(y) = -93*y**2 + 6*y - 1. Let i(a) = -92*a**2 + 6*a. Let r(x) = 2*i(x) - 3*s(x). Let g be r(6). Let p = g - 1950. Is p a prime number?
False
Let v(d) be the third derivative of -19*d**6/60 - d**5/20 - d**4/4 - d**3/3 + 30*d**2. Let c be v(-4). Let f = c + 403. Is f prime?
False
Let r be 3*15*(1 - -2). Let w(p) = -11*p + 363. Let h be w(32). Suppose 2*b - h*b = -r. Is b prime?
False
Let d = -14820 - -3860. Is (10 - 2) + -7 - d a composite number?
True
Suppose 2*k = -2*y + 7898, -13*y + 4*k + 11882 = -10*y. Let f = 749 + y. Is f a composite number?
False
Let j = 565288 - 210335. Is j a composite number?
False
Let a be 8 + -1 - (-11 - 2 - -15). Suppose 4*c - o - 724 - 47 = 0, -a*c - 3*o = -985. Is c a prime number?
False
Suppose -3*q = -4*s - 92009, 6*s + 10 = 4*s. Suppose q = 4*r + 5*r. Is r composite?
False
Let m(s) = 16*s**3 - 8*s**2 - 8*s + 13. Let o(v) = v**3 + v**2 + v - 2. Let u(g) = m(g) - 2*o(g). Is u(7) a composite number?
False
Suppose -19*x + 13215 = 3886. Suppose -3 - 1 = -2*r. Suppose -r*y + x = -399. Is y prime?
False
Suppose 0 = u - 5*u + 5*j - 12, -4*u = 2*j - 16. Suppose 5*p - 6017 = 4*p - 2*f, -4*p - u*f + 24038 = 0. Suppose 14454 = 7*i - p. Is i prime?
False
Let i be (1 + 4)/((-31)/(-23467)). Suppose 8*b = i + 5631. Is b prime?
False
Let a(q) = 281*q**3 - 48*q**2 + 281*q - 61. Is a(9) composite?
False
Let p = 198735 + -50774. Is p a prime number?
False
Suppose -11*q + 16*q = 25. Let h be 1134 + q - 20/4. Let s = h - -20. Is s composite?
True
Suppose 3*x - 4*z = 2117573, -19*x + 20*x - 5*z - 705832 = 0. Is x composite?
True
Let k be (6/(-4))/3*-219046. Suppose 14*l = -14127 + k. Is l prime?
False
Is (((-137985)/20)/(-3))/((-1)/(-4)) composite?
False
Let z be ((-3393)/(-36))/(2/208). Let i = z + -3613. Is i prime?
False
Suppose -23981150 = -3803*o + 3753*o. Is o prime?
True
Let w(d) = -168*d + 1637. Is w(5) a composite number?
False
Let o(c) = -392922*c - 181. Is o(-4) a prime number?
False
Suppose -14*t = -33*t + 196080. Suppose 4*v + 8*a - t = 7*a, -5150 = -2*v + 2*a. Is v composite?
False
Let h be ((-1050)/(-125))/(2/(139 - -1)). Suppose 3*b + 3*n - 519 - h = 0, -b + 384 = 4*n. Suppose -u - 99 = -b. Is u a prime number?
False
Suppose 114*g - 96054 = 120*g. Suppose 0 = 5*b - 3*b + 42. Is g/b + 4 + (-2)/(-3) a prime number?
False
Suppose -20*h + 46*h - 21849 = 23*h. Is h a prime number?
True
Suppose b - 2*b = 4245. Let r = b + 9912. Is r a composite number?
True
Suppose 0*f = 3*f - 12. Let g(u) = -u**2 - 6*u + 31. Let n be g(-9). Suppose f*s = 2*b - 3168 + 662, 4*b = -n*s + 4988. Is b prime?
True
Let j be (-100)/(-125)*(114 + 1) - -1. Is j/248 + (193431/24 - 1) composite?
False
Let w(m) = 392*m + 8609. Is w(0) a prime number?
True
Let m(z) = 13*z**2 - 10*z - 28. Let y be m(-10). Suppose 9*x - 13*x = -y. Suppose -3*i + 1896 - 158 = 5*r, -r + 4*i = -x. Is r a composite number?
False
Let l(d) = -39*d**3 + 19*d**2 + 76*d + 25. Is l(-12) a prime number?
False
Let m(b) = -624*b - 1153. Is m(-50) a prime number?
True
Suppose q - 1 = -r + 2, 0 = 5*r. Is -1 + (q + 3 - -792) a composite number?
False
Suppose -3*c + 4*m + 51899 = 0, 7*c = 6*c + 2*m + 17303. Let u = c + -11172. Is u prime?
True
Let x be (-5205 - 0) + (-6 - -6). Let q = 12460 + x. Is q prime?
False
Let i = -156 + 159. Suppose 2*s - 12052 = -2*b, -i*b - 24119 = -4*s - 4*b. Is s a prime number?
False
Let f(m) = 1169*m**2 + 111*m + 80. Is f(-21) composite?
True
Suppose 3*v = -2*r + 2*v + 1, 2 = -3*r + 2*v. Let l(y) = -y**2 - y + 2. Let h be l(-3). Is 55 + 1/h*r a composite number?
True
Suppose -3*r + 0*m + 416 = 2*m, r = -3*m + 134. Suppose t - 4*d = 45, -5*t + 6*d - 4*d = -279. Let n = r - t. Is n a composite number?
False
Let t = 6223 - 3774. Is t prime?
False
Let k(u) be the first derivative of 494*u**3/3 + 9*u**2 - 19*u + 87. Is k(1) prime?
False
Let s = 56827 - 22958. Is s composite?
True
Suppose 3*h = 5*r - 7303, 3*r + 558 = -h + 4937. Suppose -4*b = 5*x - 1747 - 1112, 5*b + 4*x = 3567. Let l = r - b. Is l composite?
True
Is (-1 - -40256) + (-42)/35 + 144/(-30) a prime number?
False
Is 7 - 0 - (-4 + 27 + -44087) a composite number?
False
Suppose -11*f + 23580 = -f. Let p = 3895 - f. Is p prime?
False
Suppose 2*p - 29828 - 41418 = -4*f, -4*p + f = -142546. Is p prime?
False
Suppose -3*g = -2*i + 2*g + 111999, -i = 3*g - 55994. Is i a composite number?
False
Suppose 28*a - 46040 = 8*a + 12*a. Is a composite?
True
Is (3 + -191760)*6/(-18) composite?
True
Let g = 5 + -9. Suppose 2*a = -i + 90, 0 = -4*i - 35*a + 30*a + 372. Is (-3 - g) + i + -2 a composite number?
False
Suppose -3*g + 156101 = -4*v, -3*v + 156129 = -2*g + 5*g. Suppose -8*s + 31377 = -g. Is s prime?
True
Suppose -22*n - 6823530 = -112*n. Is n a composite number?
True
Let v(s) = -s**3 + 19*s**2 - 12*s + 3. Let z = 72 - 68. Suppose -30 - 26 = -z*k. Is v(k) composite?
True
Let j(d) = 12*d + 146 + 143 + 548*d**2 - 286. Is j(3) a composite number?
True
Suppose -x + 1 = -q + 7, -x + 2*q - 6 = 0. Is -5 + -653*(-4)/x*-93 a prime number?
False
Suppose -5*j + 18 = -4*t - 11, 5*j - 22 = -3*t. Is 911 - 0/16*1*t a composite number?
False
Let o(v) = -66*v - 15. Let n be -2*(-4)/(-16)*-2*7. Suppose 23 + n = -5*w. Is o(w) a prime number?
False
Let b = 1113 - 736. Suppose -5*v - 2218 = b. Let p = -140 - v. Is p a composite number?
False
Suppose 54*n + 117*n - 15822946 = -43*n. Is n a prime number?
True
Is (-6 - (4 - 137))*-1*30311/(-17) a prime number?
False
Suppose -2*u + 2*p + 111966 = 0, 55979 = 24*u - 23*u - 2*p. Is u prime?
True
Suppose 134*o = -63*o + 179522357. Is o a prime number?
False
Let n(d) = d**3 + 200*d**2 + 675*d + 143. Is n(-93) prime?
True
Suppose 4329787 + 2895917 = 4*p + y, -4*y = 4*p - 7225692. Is p a prime number?
False
Let m = 41 - 32. Let j(u) = 30*u**3 + 12*u**2 - 3*u + 62. Is j(m) composite?
False
Suppose 0 = -2*j + 7*j + c - 1911783, -j = -4*c - 382365. Is j a prime number?
True
Let s = -17 - 20. Let u be s/(-7) + 30/(-105). Suppose -d = u*l - 357, 0*d - l + 377 = d. Is d composite?
True
Let u = 62 - 27. Suppose -2*l = 5*l - u. Suppose 2*a - 930 = 4*i - 0*i, -3*i = -l*a + 2318. Is a a composite number?
False
Let i(w) = 26*w + 11219 + 10537 + 4289 - 9*w. Is i(0) a prime number?
False
Let b(u) = u**3 - 7 + 9*u**2 + 0 + 2*u - 2*u**3. Suppose 31*l - 24 = -210. Is b(l) composite?
False
Let h = 14056 - -18051. Is h a prime number?
False
Let x = -449198 + 828715. Is x a composite number?
True
Let s = 199833 + -45968. Is s a composite number?
True
Suppose 1613825 = 6*z - 292463 + 420418. Is z prime?
False
Let j(o) = -452*o - 2. Let q(v) = -1356*v - 7. Let u(s) = 8*j(s) - 3*q(s). Suppose 0 = 22*y - 34 - 32. Is u(y) a prime number?
True
Let n(y) = 225*y**2 - 12. Let h be n(4). Let w = h - 1015. Is w a prime number?
False
Let w(l) = -2*l**3 - 4*l**2 + 5*l + 12. Let i be w(-2). Suppose i*y = -4*p + 11846, -16717 = -5*y + p + 12898. Is y prime?
True
Let g = 524431 + -276236. Is g prime?
False
Let v(y) = -27247*y + 976. Is v(-5) a prime number?
False
Suppose 20115 = 28*x - 12505. Suppose -2*